{"id":98,"date":"2025-08-27T15:23:45","date_gmt":"2025-08-27T13:23:45","guid":{"rendered":"http:\/\/club.algonum.org\/?page_id=98"},"modified":"2025-08-28T12:37:37","modified_gmt":"2025-08-28T10:37:37","slug":"jak-i-na-co-to-dziala","status":"publish","type":"page","link":"https:\/\/club.algonum.org\/index.php\/jak-i-na-co-to-dziala\/","title":{"rendered":"jak i na co to dzia\u0142a"},"content":{"rendered":"\n<p class=\"has-text-align-right\"><strong>Wszystkie korzy\u015bci w jednym czasie!<\/strong><\/p>\n\n\n\n<h2 class=\"wp-block-heading\">\u015awiat\u0142o <\/h2>\n\n\n\n<p>(Chroma Light Therapy)<\/p>\n\n\n\n<h3 class=\"wp-block-heading\">Zakres oddzia\u0142ywania<\/h3>\n\n\n\n<p>Terapia \u015bwiat\u0142em czerwonym, NIR i pe\u0142nym spektrum wspieraj\u0105cym regeneracj\u0119, nastr\u00f3j, rytm dobowy i kondycj\u0119 sk\u00f3ry.<\/p>\n\n\n\n<h3 class=\"wp-block-heading\">Zalety<\/h3>\n\n\n\n<p>Regeneracja kom\u00f3rkowa, redukcja b\u00f3lu, poprawa nastroju i snu, wsparcie sk\u00f3ry, koncentracji i energii.<\/p>\n\n\n\n<h3 class=\"wp-block-heading\">Zasada dzia\u0142ania i technologia<\/h3>\n\n\n\n<p>Fotobiomodulacja mitochondri\u00f3w (ATP), \u015bwiat\u0142o pe\u0142nego spektrum wp\u0142ywaj\u0105ce na opsiny (OPN3\/4\/5).<\/p>\n\n\n\n<h3 class=\"wp-block-heading\">Informacje wa\u017cne dla klienta<\/h3>\n\n\n\n<p>Bezpiecze\u0144stwo (brak UVB), efekty po 2\u20136 tyg., proste w u\u017cyciu, kompaktowe urz\u0105dzenia.<\/p>\n\n\n\n<h6 class=\"wp-block-heading\"><a href=\"https:\/\/getchroma.co\/blogs\/learn\">\u0179r\u00f3d\u0142o<\/a><\/h6>\n\n\n\n<h2 class=\"wp-block-heading\">Impulsy <\/h2>\n\n\n\n<p>(StimaWELL multimodalny system terapii)<\/p>\n\n\n\n<h3 class=\"wp-block-heading\">Zakres oddzia\u0142ywania<\/h3>\n\n\n\n<p>Multimodalny system terapii plec\u00f3w (b\u00f3le ostre i przewlek\u0142e), obejmuje TENS, stymulacj\u0119 mi\u0119\u015bni, masa\u017c i ciep\u0142o.<\/p>\n\n\n\n<h3 class=\"wp-block-heading\">Zalety<\/h3>\n\n\n\n<p>\u0141agodzenie b\u00f3lu, redukcja napi\u0119cia, wzmocnienie mi\u0119\u015bni, relaks i komfort.<\/p>\n\n\n\n<h3 class=\"wp-block-heading\">Zasada dzia\u0142ania i technologia<\/h3>\n\n\n\n<p>Dynamiczne fale TENS, modulacje HAN, stymulacja mi\u0119\u015bni bez aktywnego wysi\u0142ku, ciep\u0142o poprawiaj\u0105ce metabolizm.<\/p>\n\n\n\n<h3 class=\"wp-block-heading\">Informacje wa\u017cne dla klienta<\/h3>\n\n\n\n<p>Indywidualna kalibracja, sesje 30 min, cykl 8\u201310 zabieg\u00f3w, stosowane te\u017c w migrenie, fibromialgii, osteoporozie.<\/p>\n\n\n\n<h6 class=\"wp-block-heading\"><a href=\"https:\/\/www.schwa-medico.com\/de\/loesungen\/stimawell-multimodales-therapiesystem\" data-type=\"link\" data-id=\"https:\/\/www.schwa-medico.com\/de\/loesungen\/stimawell-multimodales-therapiesystem\">\u0179r\u00f3d\u0142o<\/a><\/h6>\n\n\n\n<h2 class=\"wp-block-heading\">Rolki Lyapko <\/h2>\n\n\n\n<p>(wa\u0142ki akupresurowe)<\/p>\n\n\n\n<h3 class=\"wp-block-heading\">Zakres oddzia\u0142ywania<\/h3>\n\n\n\n<p>Ruchome aplikatory z ig\u0142ami (mied\u017a, srebro), stosowane na cia\u0142o i twarz, poprawiaj\u0105ce kr\u0105\u017cenie i metabolizm.<\/p>\n\n\n\n<h3 class=\"wp-block-heading\">Zalety<\/h3>\n\n\n\n<p>Szybka stymulacja, eliminacja zm\u0119czenia, poprawa kondycji sk\u00f3ry, tonizacja lub relaks w zale\u017cno\u015bci od czasu u\u017cycia.<\/p>\n\n\n\n<h3 class=\"wp-block-heading\">Zasada dzia\u0142ania i technologia<\/h3>\n\n\n\n<p>Ig\u0142y w elastycznych gumkach stymuluj\u0105 receptory nerwowe, masa\u017c ruchomy (&#8217;milionowy prysznic ig\u0142owy&#8217;).<\/p>\n\n\n\n<h3 class=\"wp-block-heading\">Informacje wa\u017cne dla klienta<\/h3>\n\n\n\n<p>Dob\u00f3r wa\u0142ka do potrzeb, stosowanie rano dla pobudzenia lub wieczorem dla relaksu, bezpieczne tak\u017ce dla dzieci.<\/p>\n\n\n\n<h6 class=\"wp-block-heading\"><a href=\"https:\/\/lyapko.ua\/en\/\" data-type=\"link\" data-id=\"https:\/\/lyapko.ua\/en\/\">\u0179r\u00f3d\u0142o<\/a><\/h6>\n\n\n\n<p><\/p>\n\n\n\n<p><strong>Szczeg\u00f3\u0142y stosowanych technologii<\/strong><\/p>\n\n\n\n<p>Impulsy &#8211; <a href=\"https:\/\/www.schwa-medico.com\/de\/loesungen\/stimawell-multimodales-therapiesystem\">Zobacz<\/a><\/p>\n\n\n\n<p>\u015awiat\u0142o &#8211; <a href=\"https:\/\/getchroma.co\/blogs\/learn\/red-light-therapy-for-mitochondrial-support\">Zobacz<\/a><\/p>\n\n\n\n<p>Rolki Lyapko &#8211; <a href=\"https:\/\/lyapko.ua\/ua\/primeneniye\/\" data-type=\"link\" data-id=\"https:\/\/lyapko.ua\/ua\/primeneniye\/\">Zobacz<\/a><\/p>\n\n\n\n<p><strong>\u0141\u0105cznie w trakcie jednej regeneracji (40min) dostajesz pakiet.<\/strong><\/p>\n\n\n\n<p>Brakuje informacji? <a href=\"mailto:bionaprawa@gmail.com\" data-type=\"mailto\" data-id=\"mailto:bionaprawa@gmail.com\">Napisz do nas.<\/a><\/p>\n","protected":false},"excerpt":{"rendered":"<p>Wszystkie korzy\u015bci w jednym czasie! \u015awiat\u0142o (Chroma Light Therapy) Zakres oddzia\u0142ywania Terapia \u015bwiat\u0142em czerwonym, NIR i pe\u0142nym spektrum wspieraj\u0105cym regeneracj\u0119, nastr\u00f3j, rytm dobowy i kondycj\u0119 sk\u00f3ry. Zalety Regeneracja kom\u00f3rkowa, redukcja b\u00f3lu, poprawa nastroju i snu, wsparcie sk\u00f3ry, koncentracji i energii. Zasada dzia\u0142ania i technologia Fotobiomodulacja mitochondri\u00f3w (ATP), \u015bwiat\u0142o pe\u0142nego spektrum wp\u0142ywaj\u0105ce na opsiny (OPN3\/4\/5). Informacje [&hellip;]<\/p>\n","protected":false},"author":1,"featured_media":0,"parent":0,"menu_order":0,"comment_status":"closed","ping_status":"closed","template":"","meta":{"footnotes":""},"class_list":["post-98","page","type-page","status-publish","hentry"],"aioseo_notices":[],"_links":{"self":[{"href":"https:\/\/club.algonum.org\/index.php\/wp-json\/wp\/v2\/pages\/98","targetHints":{"allow":["GET"]}}],"collection":[{"href":"https:\/\/club.algonum.org\/index.php\/wp-json\/wp\/v2\/pages"}],"about":[{"href":"https:\/\/club.algonum.org\/index.php\/wp-json\/wp\/v2\/types\/page"}],"author":[{"embeddable":true,"href":"https:\/\/club.algonum.org\/index.php\/wp-json\/wp\/v2\/users\/1"}],"replies":[{"embeddable":true,"href":"https:\/\/club.algonum.org\/index.php\/wp-json\/wp\/v2\/comments?post=98"}],"version-history":[{"count":3,"href":"https:\/\/club.algonum.org\/index.php\/wp-json\/wp\/v2\/pages\/98\/revisions"}],"predecessor-version":[{"id":114,"href":"https:\/\/club.algonum.org\/index.php\/wp-json\/wp\/v2\/pages\/98\/revisions\/114"}],"wp:attachment":[{"href":"https:\/\/club.algonum.org\/index.php\/wp-json\/wp\/v2\/media?parent=98"}],"curies":[{"name":"wp","href":"https:\/\/api.w.org\/{rel}","templated":true}]}}